{"id":3847,"date":"2015-09-04T11:52:04","date_gmt":"2015-09-04T09:52:04","guid":{"rendered":"http:\/\/www.michlmichl.ch\/?page_id=3847"},"modified":"2017-03-16T16:41:52","modified_gmt":"2017-03-16T15:41:52","slug":"grips-trips-showtell","status":"publish","type":"page","link":"https:\/\/www.michlmichl.ch\/?page_id=3847","title":{"rendered":"grip the b\u00e4g &#8211; show&#038;tell"},"content":{"rendered":"<h4 style=\"text-align: right;\"><span style=\"color: #800000;\">\u00a0 <\/span><\/h4>\n<h4 style=\"text-align: right;\"><span style=\"color: #800000;\"><strong>VORTRAG-LESUNG-UNTERHALTUNG<\/strong><\/span><strong><\/strong><\/h4>\n<h1 style=\"text-align: right;\"><strong><span style=\"color: #800000;\">autorenshow<\/span><\/strong><\/h1>\n<p style=\"text-align: right;\">grip the b\u00e4g &#8211; show&amp;tell ist das fast pure reiseerlebnis<br \/>bilder, texte und erz\u00e4hlungen<\/p>\n<p style=\"text-align: right;\">ich beame, lese und erz\u00e4hle aus meinen B\u00fcchern <br \/>von den Reisen, Erlebnissen und Recherchen die den B\u00fcchern zugrunde liegen<\/p>\n<p style=\"text-align: right;\">nahbar! &amp; authentisch! &amp; fesselnd!<\/p>\n<p style=\"text-align: left;\">\u00a0<\/p>\n<p>Die Vortragstermine sind neu auf der neuen Verlagswebsite <a href=\"http:\/\/grippedbag.ch\/\" target=\"_blank\">grippedb\u00e4g<\/a> zu finden.<\/p>\n","protected":false},"excerpt":{"rendered":"<p>\u00a0 VORTRAG-LESUNG-UNTERHALTUNG autorenshow grip the b\u00e4g &#8211; show&amp;tell ist das fast pure reiseerlebnisbilder, texte und erz\u00e4hlungen ich beame, lese und erz\u00e4hle aus meinen B\u00fcchern von den Reisen, Erlebnissen und Recherchen die den B\u00fcchern zugrunde liegen nahbar! &amp; authentisch! &amp; fesselnd! \u00a0 Die Vortragstermine sind neu auf der neuen Verlagswebsite grippedb\u00e4g zu finden.<\/p>\n","protected":false},"author":1,"featured_media":0,"parent":0,"menu_order":0,"comment_status":"closed","ping_status":"closed","template":"","meta":{"footnotes":""},"class_list":["post-3847","page","type-page","status-publish","hentry"],"_links":{"self":[{"href":"https:\/\/www.michlmichl.ch\/index.php?rest_route=\/wp\/v2\/pages\/3847","targetHints":{"allow":["GET"]}}],"collection":[{"href":"https:\/\/www.michlmichl.ch\/index.php?rest_route=\/wp\/v2\/pages"}],"about":[{"href":"https:\/\/www.michlmichl.ch\/index.php?rest_route=\/wp\/v2\/types\/page"}],"author":[{"embeddable":true,"href":"https:\/\/www.michlmichl.ch\/index.php?rest_route=\/wp\/v2\/users\/1"}],"replies":[{"embeddable":true,"href":"https:\/\/www.michlmichl.ch\/index.php?rest_route=%2Fwp%2Fv2%2Fcomments&post=3847"}],"version-history":[{"count":140,"href":"https:\/\/www.michlmichl.ch\/index.php?rest_route=\/wp\/v2\/pages\/3847\/revisions"}],"predecessor-version":[{"id":4367,"href":"https:\/\/www.michlmichl.ch\/index.php?rest_route=\/wp\/v2\/pages\/3847\/revisions\/4367"}],"wp:attachment":[{"href":"https:\/\/www.michlmichl.ch\/index.php?rest_route=%2Fwp%2Fv2%2Fmedia&parent=3847"}],"curies":[{"name":"wp","href":"https:\/\/api.w.org\/{rel}","templated":true}]}}