{"id":1023,"date":"2017-04-10T16:33:27","date_gmt":"2017-04-10T14:33:27","guid":{"rendered":"http:\/\/www.michlmichl.ch\/wordpress_2\/?page_id=1023"},"modified":"2025-10-20T13:45:56","modified_gmt":"2025-10-20T13:45:56","slug":"inti","status":"publish","type":"page","link":"https:\/\/www.michlmichl.ch\/wordpress_2\/index.php\/inti\/","title":{"rendered":"Inti"},"content":{"rendered":"<h3 style=\"text-align: justify;\"><span style=\"color: #811111;\">Fragen wir den Autor:<\/span><\/h3>\n<p style=\"text-align: justify;\"><span style=\"color: #811111;\"><i>Deine Passion ist es, abgesehen von Ihrer journalistischen T\u00e4tigkeit f\u00fcr diverse Medien, zu reisen und dar\u00fcber zu schreiben. Wie kam es zu dieser Entwicklung?<\/i><\/span><\/p>\n<p style=\"text-align: justify;\">Woher diese beiden Passionen kommen, weiss ich nicht. Meine Familie, Eltern und Geschwister, sind in beiden Disziplinen nie besonders aufgefallen. Meine Mutter ist nach dem Krieg aus Nieder\u00f6sterreich in die Schweiz gekommen und geblieben, das war zeitlebens ihre gr\u00f6sste Reise. Mein Vater war Handelsreisender, sein T\u00e4tigkeitsgebiet war die \u00fcbersichtliche Ostschweiz, er war meines Wissens nie im Ausland. Nun ja, vielleicht bin ich v\u00e4terlicherseits gentechnisch etwas vorbelastet. Und von der Passion des Schreibens weiss ich sowiso erst seit 16 Jahren.<\/p>\n<p style=\"text-align: justify;\"><span style=\"color: #811111;\"><i>Aber zumindest muss es ja eine Art von \u00abFernweh\u00bb geben, dass Dich in die Welt hinaus treibt?<\/i><\/span><\/p>\n<p style=\"text-align: justify;\">Das Fernweh in mir war schon immer da, ich sp\u00fcrte es, wenn ich mit meinem Vater unterwegs war. Ich erinnere mich an die Situationen, wenn er nach Zug fuhr, wo seine Firma war, und in Schindellegi beim Wegweiser \u2039Gotthard\u203a immer in die andere Richtung abbog. Das machte meine stillen Hoffnungen stets schlagartig zunichte. Das Fernweh stillte ich dann, als ich mit 14 Jahren ein T\u00f6ffli kaufte. Damit erkundete ich meine weitere Umgebung. Mit dem T\u00f6ffli war ich mit 16 zum ersten Mal im Ausland, im S\u00fcdtirol. Mit 19 fuhr ich mit meinem \u00abD\u00f6schwo\u00bb nach Holland, sah zum ersten Mal das Meer und mit einem Flugzeug geflogen bin ich dann zum ersten Mal mit 21, nach Br\u00fcssel. In der Rekrutenschule habe ich ohne Murren den Vorschlag zum Weitermachen unterschrieben, weil ich mir sicher war, dass ich danach ins Ausland arbeiten gehe. Was ich dann auch tat, die Schweizer Armee hat so leider einen ihrer f\u00e4higsten Aspiranten verloren.<\/p>\n<p style=\"text-align: justify;\"><span style=\"color: #811111;\"><i>Wo hast Du im Ausland gearbeitet?<\/i><\/span><\/p>\n<p style=\"text-align: justify;\">Ich habe als Elektroniker und Antriebstechniker 20 Jahre lang f\u00fcr Schweizer Firmen im Maschinenbau gearbeitet und dabei Druckmaschinen in Betrieb gesetzt und Pannen behoben. Ich bin \u00fcber die Jahre mal mehr, mal weniger intensiv auf Achse gewesen. Es hat Zeiten gegeben, da bin ich jeden Montag statt in die Firma mit dem Zug zum Flughafen gefahren.<\/p>\n<p style=\"text-align: justify;\"><span style=\"color: #811111;\"><i>Wann hast Du Deine Ihre Lust am Schreiben entdeckt?<\/i><\/span><\/p>\n<p style=\"text-align: justify;\">Als ich auf meinen Arbeitseins\u00e4tzen immer wieder das selbe zu sehen bekam. Das Schl\u00fcsselerlebnis war 1999 in Moskau. Meine Dolmetscherin fragte mich, wieso ich eine Kamera h\u00e4tte aber keine Fotos mache. Ich musste mir auf die Lippen beissen um nicht zu sagen: \u2039Es interessiert mich halt nicht allzu sehr\u203a. Da sp\u00fcrte ich, dass die Luft draussen war und k\u00fcndigte den Job. Ich wollte etwas ganz anderes tun und meldete mich auf ein Inserat als Korrespondent der Wilerzeitung. Da begann meine Journalistenlaufbahn, die mich total begeisterte und ausf\u00fcllte. Ich setzte sechs Jahre lang keinen Fuss mehr auf einen Flughafen und meine gesammelten Flugmeilen verfielen sang\u2013 und klanglos. Es waren \u00fcber 250\u2019000, das w\u00e4ren damals 25 Freifl\u00fcge gewesen.<\/p>\n<p style=\"text-align: justify;\"><span style=\"color: #811111;\"><i>Die reisefreie Zeit diente also zum Aufbau Deiner zweiten Karriere als Reisejournalist?<\/i><\/span><\/p>\n<p style=\"text-align: justify;\">Nicht unbedingt, es war nicht so geplant. Meine neue Berufung schlug derart ein, dass das Reisen kein Thema mehr war. Ausserdem hatte ich \u00fcberhaupt keine Lust mehr, die ganzen Umtriebe beim Reisen auf mich zu nehmen. Ich hatte es gesehen, es tat sich ein neues Kapitel auf.<\/p>\n<p style=\"text-align: justify;\"><span style=\"color: #811111;\"><i>Und dies mit Erfolg, schliesslich wurdest Du mit dem Ostschweizer Medienpreis ausgezeichnet!<\/i><\/span><\/p>\n<p style=\"text-align: justify;\">Bezeichnenderweise bekam ich diesen Preis nicht f\u00fcr einen Bericht im Lokalteil, sondern f\u00fcr eine Reportage in Schottland. Nach sechs Jahren begann es mich n\u00e4mlich wieder \u2039abroad\u203a zu ziehen. Ich gr\u00fcndete eine Kultur\u2013 und Reisezeitschrift und ver\u00f6ffentlichte da meine Reisereportagen. Und heute bin ich im Stiftungsrat, der die Ostschweizer Medienpreise vergibt.<\/p>\n<p style=\"text-align: justify;\"><span style=\"color: #811111;\"><i>Aber nun zu Deinen B\u00fcchern, Du hast ja soeben Dein drittes herausgegeben. Was findet der Lesende in Deinen B\u00fcchern?<\/i><\/span><\/p>\n<p style=\"text-align: justify;\">Ich reise und schreibe und erz\u00e4hle danach. Ich bin wahnsinnig neugierig, aber wo andere hingehen, gehe ich nicht mehr hin. Egozentrische Selbsterfahrungstrips \u00e0 la barfuss durch Patagonien mit nur einem Liter Wasser im Gep\u00e4ck und Selfie Cam vor meinem Gesicht interessieren mich nicht. Es geht mir nie um Selbstdarstellung, sondern um Erkundung und Mitteilung der Sache. Ich bin Journalist und als solcher an der Wahrheit interessiert. Im Wis\u00adsen, dass die Wahrheit trotzdem nie umfassend erfahren werden kann. Ich schreibe \u00fcber das, was ich sehe und \u00fcber versteckte Zusammenh\u00e4nge. Darin bin ich akribisch und verwende viel Zeit f\u00fcr die Recherche. Dennoch, ich will nicht belehren, missionieren liegt mir nicht. Ich habe eine Meinung und bringe die auch ein. Es gibt daf\u00fcr den aus den USA kommenden Begriff des \u00abGonzo Journalismus\u00bb. Diese Form des Geschichtenerz\u00e4hlens ist sehr subjektiv. Ich m\u00f6chte trotzdem, dass sich die Lesenden selbst ein Urteil bilden.<\/p>\n<p style=\"text-align: justify;\"><span style=\"color: #811111;\"><i>Hat sich Dein Reiseverhaliten ge\u00e4ndert seit Du schreibend reist?<\/i><\/span><\/p>\n<p style=\"text-align: justify;\">Ja, in der Tat. Fr\u00fcher reiste ich, weil mich ein unerkl\u00e4rlicher Fern-Drang dazu trieb. Das Ziel war, auf schnellstem Weg dahin zu kommen und an m\u00f6glichst vielen Orten gewesen zu sein. Es war weniger die Neugier als die Sucht nach dem Weggehen. Meine Arbeit war stets der Reisegrund und lenkte mich davon ab, \u00fcber die Bedeutung des Reisens f\u00fcr mich pers\u00f6nlich nachzudenken. Als ich f\u00fcr meine Kultur\u2013 und Reisezeitschrift wieder zu reisen begann, wusste ich ganz klar, weshalb ich das tue. Ich reise jetzt zu meiner eigenen Freude und \u00fcberbringe das, was ich dabei sehe und erlebe, an alle, die daran teilnehmen wollen. Der Weg ist das Ziel geworden. Dabei muss es nicht schnell gehen.<\/p>\n<p style=\"text-align: justify;\"><span style=\"color: #811111;\"><i>Wie reist Du, hast Du Pr\u00e4ferenzen?<\/i><\/span><\/p>\n<p style=\"text-align: justify;\">Ich liebe komfortables Reisen, will in Hotels \u00fcbernachten, wo die Nasszelle im Zimmer ist und wo es, unbedingt, Wifi gibt. Mein Koffer hat zwei R\u00e4der und keine R\u00fcckentraggurte. Ich bin kein Backpacker, aber auch kein First-Class-Traveller. Ausserdem esse ich gerne und darauf verzichte ich erst recht auf Reisen nicht. Ich w\u00e4hle die Ziele, reise individuell und organisiere alles selbst.<\/p>\n<p style=\"text-align: justify;\"><span style=\"color: #811111;\"><i>Ist Reisen f\u00fcr Dich sinnstiftend?<\/i><\/span><\/p>\n<h3 style=\"text-align: justify;\"><span style=\"color: #811111;\"><img loading=\"lazy\" decoding=\"async\" class=\"alignleft wp-image-1033\" src=\"http:\/\/www.michlmichl.ch\/wordpress_2\/wp-content\/uploads\/2017\/04\/grippedbag_Michael_Hug_DSC7239_web_500x1000.jpg\" alt=\"\" width=\"175\" height=\"351\" srcset=\"https:\/\/www.michlmichl.ch\/wordpress_2\/wp-content\/uploads\/2017\/04\/grippedbag_Michael_Hug_DSC7239_web_500x1000.jpg 500w, https:\/\/www.michlmichl.ch\/wordpress_2\/wp-content\/uploads\/2017\/04\/grippedbag_Michael_Hug_DSC7239_web_500x1000-300x602.jpg 300w, https:\/\/www.michlmichl.ch\/wordpress_2\/wp-content\/uploads\/2017\/04\/grippedbag_Michael_Hug_DSC7239_web_500x1000-280x562.jpg 280w, https:\/\/www.michlmichl.ch\/wordpress_2\/wp-content\/uploads\/2017\/04\/grippedbag_Michael_Hug_DSC7239_web_500x1000-149x300.jpg 149w, https:\/\/www.michlmichl.ch\/wordpress_2\/wp-content\/uploads\/2017\/04\/grippedbag_Michael_Hug_DSC7239_web_500x1000-50x100.jpg 50w\" sizes=\"auto, (max-width: 175px) 100vw, 175px\" \/><\/span><\/h3>\n<p style=\"text-align: justify;\">Einfach so zu reisen, damit wieder eine Destination abgehakt ist, macht f\u00fcr mich keinen Sinn mehr. Zudem w\u00fcrden mich die Eindr\u00fccke regelrecht erdr\u00fccken und irgendwann w\u00fcrde ich wohl wieder sagen: \u2039Es interessiert mich halt nicht mehr\u203a. Wenn ich aber schreibe, ist das wie Entladen einer Fracht, die ich mir im Laufe der Reise aufgeladen habe. Weil\u2019s mich halt immer wieder rauszieht \u2014 womit ich nicht sagen will, dass ich nicht gerne zuhause bin, im Gegenteil! \u2014 kommt auch viel zusammen, das aufgeschrieben werden muss. Dieses Jahr war ich in Montenegro, Tanger, \u00c4gypten und Sudan &#8211; auch davon gibt es wieder viel zu schreiben.<\/p>\n<p style=\"text-align: justify;\"><span style=\"color: #811111;\"><i>Nach Deinem vierten Buch \u00abTanganjika\u00bb ist also nicht Schluss?<\/i><\/span><\/p>\n<p style=\"text-align: justify;\">Sicher nicht! Nummer f\u00fcnf erscheint im kommenden Herbst und Nurmmer sechs wartet im Rohbau auf der Festplatte. Ich habe mich auf zehn Ausgaben ausgerichtet, dann bin ich pensioniert. Und dann sehen wir weiter!<\/p>\n","protected":false},"excerpt":{"rendered":"<p>Fragen wir den Autor: Deine Passion ist es, abgesehen von Ihrer journalistischen T\u00e4tigkeit f\u00fcr diverse Medien, zu reisen und dar\u00fcber zu schreiben. Wie kam es zu dieser Entwicklung? Woher diese beiden Passionen kommen, weiss ich nicht. Meine Familie, Eltern und Geschwister, sind in beiden Disziplinen nie besonders aufgefallen. Meine Mutter ist nach dem Krieg aus<\/p>\n<div class=\"more-link\">\n             <a href=\"https:\/\/www.michlmichl.ch\/wordpress_2\/index.php\/inti\/\" class=\"theme-btn\"><span>Weiterlesen <\/span><i class=\"bi bi-arrow-right\"><\/i><\/a>\n        <\/div>\n","protected":false},"author":1,"featured_media":3227,"parent":0,"menu_order":0,"comment_status":"closed","ping_status":"closed","template":"","meta":{"footnotes":""},"class_list":["post-1023","page","type-page","status-publish","has-post-thumbnail","hentry"],"_links":{"self":[{"href":"https:\/\/www.michlmichl.ch\/wordpress_2\/index.php\/wp-json\/wp\/v2\/pages\/1023","targetHints":{"allow":["GET"]}}],"collection":[{"href":"https:\/\/www.michlmichl.ch\/wordpress_2\/index.php\/wp-json\/wp\/v2\/pages"}],"about":[{"href":"https:\/\/www.michlmichl.ch\/wordpress_2\/index.php\/wp-json\/wp\/v2\/types\/page"}],"author":[{"embeddable":true,"href":"https:\/\/www.michlmichl.ch\/wordpress_2\/index.php\/wp-json\/wp\/v2\/users\/1"}],"replies":[{"embeddable":true,"href":"https:\/\/www.michlmichl.ch\/wordpress_2\/index.php\/wp-json\/wp\/v2\/comments?post=1023"}],"version-history":[{"count":15,"href":"https:\/\/www.michlmichl.ch\/wordpress_2\/index.php\/wp-json\/wp\/v2\/pages\/1023\/revisions"}],"predecessor-version":[{"id":1627,"href":"https:\/\/www.michlmichl.ch\/wordpress_2\/index.php\/wp-json\/wp\/v2\/pages\/1023\/revisions\/1627"}],"wp:featuredmedia":[{"embeddable":true,"href":"https:\/\/www.michlmichl.ch\/wordpress_2\/index.php\/wp-json\/wp\/v2\/media\/3227"}],"wp:attachment":[{"href":"https:\/\/www.michlmichl.ch\/wordpress_2\/index.php\/wp-json\/wp\/v2\/media?parent=1023"}],"curies":[{"name":"wp","href":"https:\/\/api.w.org\/{rel}","templated":true}]}}

<h3 style="text-align: justify;"><span style="color: #811111;">Fragen wir den Autor:</span></h3>
<p style="text-align: justify;"><span style="color: #811111;"><i>Deine Passion ist es, abgesehen von Ihrer journalistischen Tätigkeit für diverse Medien, zu reisen und darüber zu schreiben. Wie kam es zu dieser Entwicklung?</i></span></p>
<p style="text-align: justify;">Woher diese beiden Passionen kommen, weiss ich nicht. Meine Familie, Eltern und Geschwister, sind in beiden Disziplinen nie besonders aufgefallen. Meine Mutter ist nach dem Krieg aus Niederösterreich in die Schweiz gekommen und geblieben, das war zeitlebens ihre grösste Reise. Mein Vater war Handelsreisender, sein Tätigkeitsgebiet war die übersichtliche Ostschweiz, er war meines Wissens nie im Ausland. Nun ja, vielleicht bin ich väterlicherseits gentechnisch etwas vorbelastet. Und von der Passion des Schreibens weiss ich sowiso erst seit 16 Jahren.</p>
<p style="text-align: justify;"><span style="color: #811111;"><i>Aber zumindest muss es ja eine Art von «Fernweh» geben, dass Dich in die Welt hinaus treibt?</i></span></p>
<p style="text-align: justify;">Das Fernweh in mir war schon immer da, ich spürte es, wenn ich mit meinem Vater unterwegs war. Ich erinnere mich an die Situationen, wenn er nach Zug fuhr, wo seine Firma war, und in Schindellegi beim Wegweiser ‹Gotthard› immer in die andere Richtung abbog. Das machte meine stillen Hoffnungen stets schlagartig zunichte. Das Fernweh stillte ich dann, als ich mit 14 Jahren ein Töffli kaufte. Damit erkundete ich meine weitere Umgebung. Mit dem Töffli war ich mit 16 zum ersten Mal im Ausland, im Südtirol. Mit 19 fuhr ich mit meinem «Döschwo» nach Holland, sah zum ersten Mal das Meer und mit einem Flugzeug geflogen bin ich dann zum ersten Mal mit 21, nach Brüssel. In der Rekrutenschule habe ich ohne Murren den Vorschlag zum Weitermachen unterschrieben, weil ich mir sicher war, dass ich danach ins Ausland arbeiten gehe. Was ich dann auch tat, die Schweizer Armee hat so leider einen ihrer fähigsten Aspiranten verloren.</p>
<p style="text-align: justify;"><span style="color: #811111;"><i>Wo hast Du im Ausland gearbeitet?</i></span></p>
<p style="text-align: justify;">Ich habe als Elektroniker und Antriebstechniker 20 Jahre lang für Schweizer Firmen im Maschinenbau gearbeitet und dabei Druckmaschinen in Betrieb gesetzt und Pannen behoben. Ich bin über die Jahre mal mehr, mal weniger intensiv auf Achse gewesen. Es hat Zeiten gegeben, da bin ich jeden Montag statt in die Firma mit dem Zug zum Flughafen gefahren.</p>
<p style="text-align: justify;"><span style="color: #811111;"><i>Wann hast Du Deine Ihre Lust am Schreiben entdeckt?</i></span></p>
<p style="text-align: justify;">Als ich auf meinen Arbeitseinsätzen immer wieder das selbe zu sehen bekam. Das Schlüsselerlebnis war 1999 in Moskau. Meine Dolmetscherin fragte mich, wieso ich eine Kamera hätte aber keine Fotos mache. Ich musste mir auf die Lippen beissen um nicht zu sagen: ‹Es interessiert mich halt nicht allzu sehr›. Da spürte ich, dass die Luft draussen war und kündigte den Job. Ich wollte etwas ganz anderes tun und meldete mich auf ein Inserat als Korrespondent der Wilerzeitung. Da begann meine Journalistenlaufbahn, die mich total begeisterte und ausfüllte. Ich setzte sechs Jahre lang keinen Fuss mehr auf einen Flughafen und meine gesammelten Flugmeilen verfielen sang– und klanglos. Es waren über 250’000, das wären damals 25 Freiflüge gewesen.</p>
<p style="text-align: justify;"><span style="color: #811111;"><i>Die reisefreie Zeit diente also zum Aufbau Deiner zweiten Karriere als Reisejournalist?</i></span></p>
<p style="text-align: justify;">Nicht unbedingt, es war nicht so geplant. Meine neue Berufung schlug derart ein, dass das Reisen kein Thema mehr war. Ausserdem hatte ich überhaupt keine Lust mehr, die ganzen Umtriebe beim Reisen auf mich zu nehmen. Ich hatte es gesehen, es tat sich ein neues Kapitel auf.</p>
<p style="text-align: justify;"><span style="color: #811111;"><i>Und dies mit Erfolg, schliesslich wurdest Du mit dem Ostschweizer Medienpreis ausgezeichnet!</i></span></p>
<p style="text-align: justify;">Bezeichnenderweise bekam ich diesen Preis nicht für einen Bericht im Lokalteil, sondern für eine Reportage in Schottland. Nach sechs Jahren begann es mich nämlich wieder ‹abroad› zu ziehen. Ich gründete eine Kultur– und Reisezeitschrift und veröffentlichte da meine Reisereportagen. Und heute bin ich im Stiftungsrat, der die Ostschweizer Medienpreise vergibt.</p>
<p style="text-align: justify;"><span style="color: #811111;"><i>Aber nun zu Deinen Büchern, Du hast ja soeben Dein drittes herausgegeben. Was findet der Lesende in Deinen Büchern?</i></span></p>
<p style="text-align: justify;">Ich reise und schreibe und erzähle danach. Ich bin wahnsinnig neugierig, aber wo andere hingehen, gehe ich nicht mehr hin. Egozentrische Selbsterfahrungstrips à la barfuss durch Patagonien mit nur einem Liter Wasser im Gepäck und Selfie Cam vor meinem Gesicht interessieren mich nicht. Es geht mir nie um Selbstdarstellung, sondern um Erkundung und Mitteilung der Sache. Ich bin Journalist und als solcher an der Wahrheit interessiert. Im Wis­sen, dass die Wahrheit trotzdem nie umfassend erfahren werden kann. Ich schreibe über das, was ich sehe und über versteckte Zusammenhänge. Darin bin ich akribisch und verwende viel Zeit für die Recherche. Dennoch, ich will nicht belehren, missionieren liegt mir nicht. Ich habe eine Meinung und bringe die auch ein. Es gibt dafür den aus den USA kommenden Begriff des «Gonzo Journalismus». Diese Form des Geschichtenerzählens ist sehr subjektiv. Ich möchte trotzdem, dass sich die Lesenden selbst ein Urteil bilden.</p>
<p style="text-align: justify;"><span style="color: #811111;"><i>Hat sich Dein Reiseverhaliten geändert seit Du schreibend reist?</i></span></p>
<p style="text-align: justify;">Ja, in der Tat. Früher reiste ich, weil mich ein unerklärlicher Fern-Drang dazu trieb. Das Ziel war, auf schnellstem Weg dahin zu kommen und an möglichst vielen Orten gewesen zu sein. Es war weniger die Neugier als die Sucht nach dem Weggehen. Meine Arbeit war stets der Reisegrund und lenkte mich davon ab, über die Bedeutung des Reisens für mich persönlich nachzudenken. Als ich für meine Kultur– und Reisezeitschrift wieder zu reisen begann, wusste ich ganz klar, weshalb ich das tue. Ich reise jetzt zu meiner eigenen Freude und überbringe das, was ich dabei sehe und erlebe, an alle, die daran teilnehmen wollen. Der Weg ist das Ziel geworden. Dabei muss es nicht schnell gehen.</p>
<p style="text-align: justify;"><span style="color: #811111;"><i>Wie reist Du, hast Du Präferenzen?</i></span></p>
<p style="text-align: justify;">Ich liebe komfortables Reisen, will in Hotels übernachten, wo die Nasszelle im Zimmer ist und wo es, unbedingt, Wifi gibt. Mein Koffer hat zwei Räder und keine Rückentraggurte. Ich bin kein Backpacker, aber auch kein First-Class-Traveller. Ausserdem esse ich gerne und darauf verzichte ich erst recht auf Reisen nicht. Ich wähle die Ziele, reise individuell und organisiere alles selbst.</p>
<p style="text-align: justify;"><span style="color: #811111;"><i>Ist Reisen für Dich sinnstiftend?</i></span></p>
<h3 style="text-align: justify;"><span style="color: #811111;"><img loading="lazy" decoding="async" class="alignleft wp-image-1033" src="http://www.michlmichl.ch/wordpress_2/wp-content/uploads/2017/04/grippedbag_Michael_Hug_DSC7239_web_500x1000.jpg" alt="" width="175" height="351" srcset="https://www.michlmichl.ch/wordpress_2/wp-content/uploads/2017/04/grippedbag_Michael_Hug_DSC7239_web_500x1000.jpg 500w, https://www.michlmichl.ch/wordpress_2/wp-content/uploads/2017/04/grippedbag_Michael_Hug_DSC7239_web_500x1000-300x602.jpg 300w, https://www.michlmichl.ch/wordpress_2/wp-content/uploads/2017/04/grippedbag_Michael_Hug_DSC7239_web_500x1000-280x562.jpg 280w, https://www.michlmichl.ch/wordpress_2/wp-content/uploads/2017/04/grippedbag_Michael_Hug_DSC7239_web_500x1000-149x300.jpg 149w, https://www.michlmichl.ch/wordpress_2/wp-content/uploads/2017/04/grippedbag_Michael_Hug_DSC7239_web_500x1000-50x100.jpg 50w" sizes="auto, (max-width: 175px) 100vw, 175px" /></span></h3>
<p style="text-align: justify;">Einfach so zu reisen, damit wieder eine Destination abgehakt ist, macht für mich keinen Sinn mehr. Zudem würden mich die Eindrücke regelrecht erdrücken und irgendwann würde ich wohl wieder sagen: ‹Es interessiert mich halt nicht mehr›. Wenn ich aber schreibe, ist das wie Entladen einer Fracht, die ich mir im Laufe der Reise aufgeladen habe. Weil’s mich halt immer wieder rauszieht — womit ich nicht sagen will, dass ich nicht gerne zuhause bin, im Gegenteil! — kommt auch viel zusammen, das aufgeschrieben werden muss. Dieses Jahr war ich in Montenegro, Tanger, Ägypten und Sudan &#8211; auch davon gibt es wieder viel zu schreiben.</p>
<p style="text-align: justify;"><span style="color: #811111;"><i>Nach Deinem vierten Buch «Tanganjika» ist also nicht Schluss?</i></span></p>
<p style="text-align: justify;">Sicher nicht! Nummer fünf erscheint im kommenden Herbst und Nurmmer sechs wartet im Rohbau auf der Festplatte. Ich habe mich auf zehn Ausgaben ausgerichtet, dann bin ich pensioniert. Und dann sehen wir weiter!</p>

<p>Fragen wir den Autor: Deine Passion ist es, abgesehen von Ihrer journalistischen Tätigkeit für diverse Medien, zu reisen und darüber zu schreiben. Wie kam es zu dieser Entwicklung? Woher diese beiden Passionen kommen, weiss ich nicht. Meine Familie, Eltern und Geschwister, sind in beiden Disziplinen nie besonders aufgefallen. Meine Mutter ist nach dem Krieg aus</p>
<div class="more-link">
             <a href="https://www.michlmichl.ch/wordpress_2/index.php/inti/" class="theme-btn"><span>Weiterlesen </span><i class="bi bi-arrow-right"></i></a>
        </div>
