{"id":3477,"date":"2022-12-06T11:19:59","date_gmt":"2022-12-06T10:19:59","guid":{"rendered":"https:\/\/www.michlmichl.ch\/wordpress_2\/?post_type=product&#038;p=3477"},"modified":"2026-04-14T15:25:07","modified_gmt":"2026-04-14T15:25:07","slug":"chacruna-05-2","status":"publish","type":"product","link":"https:\/\/www.michlmichl.ch\/wordpress_2\/index.php\/produkt\/chacruna-05-2\/","title":{"rendered":"Chacruna 05"},"content":{"rendered":"<p><a href=\"https:\/\/www.michlmichl.ch\/wordpress_2\/wp-content\/uploads\/2022\/10\/grippedbag_chacruna_cover_print_640x1013.jpg\"><img loading=\"lazy\" decoding=\"async\" class=\"aligncenter size-full wp-image-3471\" src=\"https:\/\/www.michlmichl.ch\/wordpress_2\/wp-content\/uploads\/2022\/10\/grippedbag_chacruna_cover_print_640x1013.jpg\" alt=\"cover chacruna 05\" width=\"640\" height=\"1013\" srcset=\"https:\/\/www.michlmichl.ch\/wordpress_2\/wp-content\/uploads\/2022\/10\/grippedbag_chacruna_cover_print_640x1013.jpg 640w, https:\/\/www.michlmichl.ch\/wordpress_2\/wp-content\/uploads\/2022\/10\/grippedbag_chacruna_cover_print_640x1013-300x475.jpg 300w, https:\/\/www.michlmichl.ch\/wordpress_2\/wp-content\/uploads\/2022\/10\/grippedbag_chacruna_cover_print_640x1013-600x950.jpg 600w, https:\/\/www.michlmichl.ch\/wordpress_2\/wp-content\/uploads\/2022\/10\/grippedbag_chacruna_cover_print_640x1013-190x300.jpg 190w, https:\/\/www.michlmichl.ch\/wordpress_2\/wp-content\/uploads\/2022\/10\/grippedbag_chacruna_cover_print_640x1013-63x100.jpg 63w\" sizes=\"auto, (max-width: 640px) 100vw, 640px\" \/><\/a><\/p>\n","protected":false},"excerpt":{"rendered":"<p>Das Bewusstsein ist das stimmige Ergebnis einer Myriade von Gedanken. Es f\u00e4llt aufgrund gerade jetzt herrschender Bedingungen Entscheidungen von glasklarer und knallharter Effizienz. Es bezieht weder die Zukunft noch die Vergangenheit mit ein. Und vor allem ber\u00fccksichtigt es keine Emotionen &#8211; weder Angst noch Sympathie. Das ist die Aufgabe des Unbewusstseins.<\/p>\n<p>Michael Hugs Roman ist eine am\u00fcsante Jeremiade auf das Leben. Kritisch, sarkastisch und zuweilen zynisch klagt der Autor gegen Ausw\u00fcchse der Gesellschaft, zerlegt minuzi\u00f6s zeitgen\u00f6ssische Charaktere und pfeift auf Sch\u00f6nredner und Maulaffen.<\/p>\n","protected":false},"featured_media":3471,"comment_status":"closed","ping_status":"closed","template":"","meta":[],"product_brand":[],"product_cat":[44],"product_tag":[171,162,161,166,158,160,172,167,164,159,163,155,157,156],"class_list":{"0":"post-3477","1":"product","2":"type-product","3":"status-publish","4":"has-post-thumbnail","6":"product_cat-uncategorized","7":"product_tag-appenzell","8":"product_tag-ayahuasca","9":"product_tag-chacruna","10":"product_tag-dibidaebi","11":"product_tag-drama","12":"product_tag-grippedbaeg","13":"product_tag-kronberg","14":"product_tag-langenegger","15":"product_tag-mao-h","16":"product_tag-michael-hug","17":"product_tag-moclix","18":"product_tag-psychodrama","19":"product_tag-psychoroman","20":"product_tag-roman","21":"product_shipping_class-versand-mit-portopauschale","23":"first","24":"instock","25":"featured","26":"shipping-taxable","27":"purchasable","28":"product-type-simple"},"_links":{"self":[{"href":"https:\/\/www.michlmichl.ch\/wordpress_2\/index.php\/wp-json\/wp\/v2\/product\/3477","targetHints":{"allow":["GET"]}}],"collection":[{"href":"https:\/\/www.michlmichl.ch\/wordpress_2\/index.php\/wp-json\/wp\/v2\/product"}],"about":[{"href":"https:\/\/www.michlmichl.ch\/wordpress_2\/index.php\/wp-json\/wp\/v2\/types\/product"}],"replies":[{"embeddable":true,"href":"https:\/\/www.michlmichl.ch\/wordpress_2\/index.php\/wp-json\/wp\/v2\/comments?post=3477"}],"wp:featuredmedia":[{"embeddable":true,"href":"https:\/\/www.michlmichl.ch\/wordpress_2\/index.php\/wp-json\/wp\/v2\/media\/3471"}],"wp:attachment":[{"href":"https:\/\/www.michlmichl.ch\/wordpress_2\/index.php\/wp-json\/wp\/v2\/media?parent=3477"}],"wp:term":[{"taxonomy":"product_brand","embeddable":true,"href":"https:\/\/www.michlmichl.ch\/wordpress_2\/index.php\/wp-json\/wp\/v2\/product_brand?post=3477"},{"taxonomy":"product_cat","embeddable":true,"href":"https:\/\/www.michlmichl.ch\/wordpress_2\/index.php\/wp-json\/wp\/v2\/product_cat?post=3477"},{"taxonomy":"product_tag","embeddable":true,"href":"https:\/\/www.michlmichl.ch\/wordpress_2\/index.php\/wp-json\/wp\/v2\/product_tag?post=3477"}],"curies":[{"name":"wp","href":"https:\/\/api.w.org\/{rel}","templated":true}]}}

<p>Das Bewusstsein ist das stimmige Ergebnis einer Myriade von Gedanken. Es fällt aufgrund gerade jetzt herrschender Bedingungen Entscheidungen von glasklarer und knallharter Effizienz. Es bezieht weder die Zukunft noch die Vergangenheit mit ein. Und vor allem berücksichtigt es keine Emotionen &#8211; weder Angst noch Sympathie. Das ist die Aufgabe des Unbewusstseins.</p>
<p>Michael Hugs Roman ist eine amüsante Jeremiade auf das Leben. Kritisch, sarkastisch und zuweilen zynisch klagt der Autor gegen Auswüchse der Gesellschaft, zerlegt minuziös zeitgenössische Charaktere und pfeift auf Schönredner und Maulaffen.</p>
